8?
1060116
-21bed (base 15) to base 4
-122030323
118547 (base 10) to base 8
347423
Convert 50c8 (base 13) to base 3.
120021221
Convert 4123032 (base 7) to base 12.
1b9549
Convert 2576c (base 15) to base 6.
2322350
What is 2916cac (base 13) in base 16?
c6f640
Convert 70e586 (base 16) to base 2.
11100001110010110000110
What is -11110000010001110 (base 2) in base 12?
-5b23a
22982 (base 12) to base 2
1011010011110010
What is 312784 (base 9) in base 14?
4ba01
Convert -121485 (base 9) to base 7.
-423464
c23d0d (base 14) to base 3
110022100021021
134532 (base 10) to base 8
406604
Convert 1a1170 (base 13) to base 2.
10100000111110100000
387514b (base 12) to base 10
11102603
7e135e (base 16) to base 5
4103344434
What is 10203015 (base 6) in base 16?
484d3
2377133 (base 9) to base 13
36290a
What is -14a283 (base 15) in base 8?
-3631546
What is -87b044 (base 13) in base 3?
-20000022000121
-14041134 (base 5) to base 16
-22fbe
What is 110101110001110101011 (base 2) in base 10?
1762219
What is 48edd (base 16) in base 7?
2352616
What is -22021000110 (base 3) in base 2?
-100111101100010011
Convert 5031262 (base 7) to base 9.
1107417
Convert 3530504 (base 9) to base 3.
10121000120011
Convert 50164374 (base 8) to base 16.
a0e8fc
110111101000101100 (base 2) to base 5
24243014
Convert -5872822 (base 10) to base 16.
-599cb6
What is -3332728 (base 10) in base 13?
-8c8c39
What is -31102311221 (base 4) in base 3?
-20120001120022
-223484 (base 15) to base 8
-6161655
-ad4d7 (base 15) to base 8
-2064473
What is -23150125 (base 9) in base 10?
-11252219
-fea8 (base 16) to base 5
-4041232
Convert -12405415 (base 6) to base 15.
-80292
Convert -280755 (base 9) to base 15.
-35ad8
Convert 10001111010000011000000 (base 2) to base 16.
47a0c0
-143488 (base 10) to base 14
-3a412
What is a141a (base 11) in base 5?
14220441
332200351 (base 6) to base 3
102021012112011
What is 4604015 (base 7) in base 16?
8bd96
5102136 (base 7) to base 11
384180
-9b1b9 (base 12) to base 5
-23042132
What is 14433502 (base 6) in base 16?
7aa6e
20444315 (base 6) to base 8
2216227
-359804 (base 15) to base 14
-4aa2a1
Convert -11100011011001011101111 (base 2) to base 4.
-130123023233
53643 (base 10) to base 13
1b555
-21502847 (base 9) to base 13
-21cc46c
Convert -1011001111000011001100 (base 2) to base 14.
-569496
718147 (base 10) to base 16
af543
What is -3e5e7 (base 15) in base 6?
-4144031
What is 8433b (base 14) in base 3?
121012111210
What is -2376a3 (base 11) in base 10?
-376181
13717466 (base 8) to base 7
35345660
Convert 31031e (base 15) to base 12.
944092
Convert 121022022210 (base 3) to base 16.
4e5e5
What is -72461375 (base 8) in base 10?
-15360765
Convert 11441114 (base 6) to base 9.
613121
Convert 200211210111 (base 3) to base 9.
624714
What is -180184 (base 14) in base 2?
-11001110011010011000
-331445052 (base 6) to base 15
-7cbae2
Convert 512342 (base 10) to base 7.
4232465
What is -512305 (base 9) in base 12?
-127788
-327074 (base 10) to base 14
-872a6
Convert -3141486 (base 9) to base 8.
-6322553
5b7d34 (base 14) to base 6
151054534
What is -658101 (base 11) in base 6?
-34302225
Convert 3014724 (base 9) to base 15.
21a594
What is 118d39 (base 14) in base 8?
2225327
Convert 3111234 (base 5) to base 6.
1031135
What is 2e4fa6 (base 16) in base 11?
1793303
Convert -32200433 (base 6) to base 9.
-1705503
Convert -8384b5 (base 12) to base 14.
-3bb5d7
-11a5b3 (base 14) to base 8
-2235221
What is -44425430 (base 7) in base 14?
-71cd50
What is 32034205 (base 6) in base 3?
1202122121212
7435 (base 10) to base 8
16413
Convert 40734 (base 9) to base 14.
9ad4
-160068 (base 10) to base 7
-1234446
What is -163bba (base 13) in base 16?
-8695e
25623644 (base 8) to base 14
a897a4
-1144432 (base 7) to base 14
-3b119
107288 (base 13) to base 7
3201431
-1594cc (base 15) to base 8
-3766777
Convert 42b613a (base 12) to base 9.
25766031
2414343112 (base 5) to base 10
5621657
325724 (base 9) to base 16
2f7c7
What is 26fdd4 (base 16) in base 13?
6b6153
11013030303 (base 4) to base 15
1b7176
What is -341dd (base 15) in base 14?
-445d6
Convert -11100011001100110 (base 2) to base 12.
-5739a
2205874 (base 9) to base 15
18632a
-30330151 (base 6) to base 3
-1122001102111
Convert 12220303 (base 5) to base 10.
116953
Convert 11001010220000 (base 3) to base 14.
3dcc8a
-8c23b (base 14) to base 10
-340701
103563 (base 14) to base 12
224757
-324004201 (base 6) to base 15
-7946c1
What is -40044411 (base 5) in base 16?
-4d0d6
234220234 (base 5) to base 14
203938
Convert -376663 (base 8) to base 3.
-20121222201
2505002 (base 6) to base 10
133274
What is -115e893 (base 15) in base 16?
-be01d9
Convert 115333440 (base 6) to base 3.
11011211110020
4914a62 (base 11) to base 9
17081827
871203 (base 12) to base 2
1000001001111011100011
What is -1101bb (base 14) in base 2?
-10001100110001011001
Convert 4c7aa8 (base 13) to base 12.
74b933
Convert -1d7435 (base 16) to base 11.
-10a9292
Convert -221131001123 (base 4) to base 13.
-2336261
Convert 437534 (base 14) to base 12.
92344a
What is -361763 (base 8) in base 10?
-123891
What is 112010210 (base 4) in base 2?
10110000100100100
Convert 32b45 (base 14) to base 3.
20020122211
600628 (base 10) to base 15
bce6d
Convert -27304761 (base 8) to base 10.
-6130161
What is -12caaa5 (base 13) in base 3?
-102011120112222
What is -1011100101100011110001 (base 2) in base 16?
-2e58f1
Convert 21312100 (base 5) to base 10.
182150
What is -23340034 (base 5) in base 8?
-643753
Convert 2407a (base 14) to base 6.
1515004
Convert -11000000110010011 (base 2) to base 10.
-98707
-201025013 (base 6) to base 5
-1333101234
What is -15144143 (base 7) in base 4?
-11133132203
Convert -5bdaab (base 14) to base 4.
-30000322213
What is ca2c (base 15) in base 16?
a728
What is -1987940 (base 13) in base 12?
-2999192
What is -442455 (base 6) in base 11?
-257a5
What is -347504 (base 8) in base 9?
-200613
323421142 (base 5) to base 9
2546216
-135251302 (base 6) to base 13
-762164
What is -21b01b (base 12) in base 5?
-114144211
Convert 2476a62 (base 11) to base 13.
b76a43
What is -744386 (base 9) in base 13?
-126735
Convert 22157 (base 13) to base 6.
1153525
What is -33330 (base 15) in base 12?
-7a200
452303 (base 6) to base 9
57263
Convert 6fa7 (base 16) to base 14.
a5b9
Convert -bf1e0 (base 16) to base 10.
-782816
What is 78322 (base 11) in base 15?
23982
213001110 (base 4) to base 7
1233654
What is 1312122231 (base 4) in base 7?
4060050
Convert -cab8e6 (base 16) to base 2.
-110010101011100011100110
Convert 88946 (base 13) to base 14.
6636b
-11123211 (base 5) to base 3
-12000012020
-1111001000202 (base 3) to base 14
-1672a9
221872 (base 15) to base 5
404002112
What is -3020344 (base 5) in base 11?
-33260
-12420212 (base 7) to base 16
-1141e2
120245234 (base 7) to base 9
15025002
-1010011010212102 (base 3) to base 6
-1331244445
-5583051 (base 10) to base 16
-5530cb
What is 6c868 (base 14) in base 3?
111110121221
What is 30aa96 (base 12) in base 16?
bad92
-221322133 (base 4) to base 6
-3402451
Convert -971542 (base 12) to base 9.
-4437475
Convert a9b0d6 (base 14) to base 7.
66624356
3e0e8 (base 16) to base 11
163a77
Convert 22e14 (base 15) to base 14.
2c729
Convert -1101010010110001111101 (base 2) to base 12.
-12007b9
Convert 332041221 (base 6) to base 12.
2003211
What is -56046535 (base 7) in base 15?
-657b47
Convert 6dee (base 15) to base 14.
8755
What is 101011101000000110 (base 2) in base 11?
11228a
What is a5284 (base 13) in base 7?
2345003
1b6506 (base 13) to base 3
1022112112022
What is -11011001011100101100 (base 2) in base 7?
-10366462
Convert 1120217 (base 8) to base 9.
511871
Convert 7b713b (base 12) to base 4.
13203323333
Convert 177953 (base 10) to base 3.
100001002212
11023121 (base 4) to base 7
115556
What is -101040 (base 11) in base 6?
-3251550
What is -101a986 (base 11) in base 12?
-72a09b
8218cb (base 13) to base 16
2e408e
Convert 356500 (base 10) to base 7.
3013234
What is -1034466 (base 7) in base 16?
-1ee04
Convert 4682572 (base 9) to base 2.
1001101010110001001010
-1013300131 (base 4) to base 16
-47c1d
What is -2440245 (base 6) in base 7?
-1050065
What is 310010233 (base 4) in base 7?
1545565
-10100210022 (base 3) to base 7
-363650
Convert -15233150 (base 7) to base 3.
-2201212010102
What is -179207 (b